 - (-292)/d)*2.
2, 19
Suppose 0 = -2*v - j + 18, 9*j = -3*v + 4*j + 20. Suppose 3*q = -4*z + 4779, 2390 = -8*z + v*z + 2*q. List the prime factors of z.
2, 3, 199
Suppose -4*b = 3*z + 32, 5*z + 5*b = 2*b - 35. Let c be z + 12/16 + 2/8. Let o(q) = 8*q**2 - q - 5. What are the prime factors of o(c)?
2, 5, 7
Let f = -351 + 227. Let p = 3 - f. Let t = 0 + p. List the prime factors of t.
127
Let g(o) = 87*o - 2. Let t be g(4). Suppose 4*s + 1643 = 5*j, 4*j - 3*j = -5*s + t. What are the prime factors of j?
331
Let v = -2978 + 7470. List the prime factors of v.
2, 1123
Let d = 4236 + -2847. What are the prime factors of (5 - (-62)/(-14)) + d/7?
199
List the prime factors of 8 + -4 + (-964908)/(-18).
2, 3, 5, 1787
Suppose -10*l - 62979 = -4*q - 13*l, -3*q + 3*l + 47250 = 0. What are the prime factors of q?
3, 29, 181
Let u be (-2)/13 + (-564)/52. List the prime factors of (-3867)/(-33) - (-2)/u.
3, 13
Let z(j) = 3015*j**2 - 7. What are the prime factors of z(1)?
2, 47
Let w(u) = -u**3 + 4*u**2 + 12*u + 3. Let b be w(6). Let n = -2 + b. List the prime factors of (6/(-18))/(n/(-129)).
43
Let v(o) = 618*o**2 - 199*o - 1921. List the prime factors of v(-11).
2, 157, 239
Suppose 0 = -6*u - 0 - 0. Suppose 3*h - 3*t - 3 = u, -12 + 1 = -5*h - t. Suppose 4*b + 4*z - 712 = 0, b + 3*z + 182 = h*b. List the prime factors of b.
179
Suppose 5*i + 169 = -4*o - 0, 2*i - 80 = 2*o. Let g(q) = -q**3 - 43*q**2 - 95*q + 30. What are the prime factors of g(o)?
563
Let u be 8/(-24) - 8/3. Let c(n) = 28*n + 4. Let s be c(u). Let h = 151 + s. List the prime factors of h.
71
Suppose 407666 = 25*u - 131359. List the prime factors of u.
3, 7187
Suppose -j - 6 + 8 = 3*m, -j = -5. List the prime factors of (-3)/m - (-448)/7.
67
Let p be 72/120 - ((-44001)/5)/3. Suppose -5*y + 5*s + 2935 = 0, 6*s + p = 5*y + 2*s. List the prime factors of y.
2, 293
Let o = -79 - -93. List the prime factors of (12/o)/((-1)/3318*-6).
2, 3, 79
Let o be (-3 + 0 - -2)*-5. Let q(t) = -4*t - 3. Let c be q(-2). Suppose 2*x + 109 = 4*r + r, c*r - 130 = -o*x. List the prime factors of r.
23
Let h = -2374 - -60. What are the prime factors of h/(-2) + -7*(-2)/14?
2, 3, 193
Suppose o = -2*o - 4*l - 5, -3*o = -5*l - 40. Suppose -5*n + 190 + 16 = f, -o*n - 598 = -3*f. Suppose 5*m - f = 2*m. What are the prime factors of m?
67
Let a(d) = -10*d**2 + d + 1. Let o be a(-1). Let p = o - -13. Suppose -2*v + r = -119, 4*v = -p*r - r + 268. List the prime factors of v.
2, 31
Let s(g) = -2905*g - 117. What are the prime factors of s(-4)?
11503
Suppose 0 = 26*w - 126*w + 665500. List the prime factors of w.
5, 11
Let i(n) = -n**2 + 10*n - 17. Let d be i(2). What are the prime factors of 2*d*9/18 - -321?
2, 5
Suppose 2*x = 16 + 36. Let g(m) = m**3 - 27*m**2 + 38*m + 18. What are the prime factors of g(x)?
2, 3, 5, 11
Suppose 10*d + 87 = -713. Let k = d + 83. What are the prime factors of (2410/15 - -4) + (-2)/k?
2, 41
Let z(x) = -x**3 - 8*x**2 + 9*x + 12. Let l be z(-12). Let k be 2/3*1*l. Suppose 0 = 16*a - 20*a + k. What are the prime factors of a?
2, 5
List the prime factors of (-1243*(6 + -3))/(-10 + 9).
3, 11, 113
Let x = 1401 - 120. Suppose -2*u + x = -2*k - 391, u + 2*k - 836 = 0. List the prime factors of u.
2, 11, 19
What are the prime factors of (-40951 - 2)*(-34)/102?
11, 17, 73
Let k = 102 + -89. Suppose 14*b - k*b = -5*w + 3997, 4*b - 1588 = -2*w. What are the prime factors of w?
2, 5
Let m = -34 + 39. Suppose 3*y - 156 = m*y. Let g = y - -111. What are the prime factors of g?
3, 11
Let l = 318 + -477. Let o = 12 - l. What are the prime factors of o?
3, 19
Suppose -2*z + 59241 = -3*y, 13*y = 11*y - 6. List the prime factors of z.
2, 3, 617
Suppose 3*i - 9 = -2*m + 10, -17 = i - 4*m. List the prime factors of (i/(-9))/((-4)/300).
5
Let y = 120 + -70. Let g = y + 72. List the prime factors of g.
2, 61
Suppose -3*h - 12 = 0, 5*h - 184 - 53 = -q. Let w = 738 - q. What are the prime factors of w?
13, 37
Let n be 2143/5 + ((-1062)/45 - -23). Let h be 224 + 0 + 1 + -2. Let i = n - h. What are the prime factors of i?
5, 41
Let n = -556 - -2033. List the prime factors of n.
7, 211
Suppose -45*r + 20259 = -43*r + 5*d, 0 = 4*d + 20. What are the prime factors of r?
2, 11, 461
Let d = -340 - -165. Let y = d + 269. List the prime factors of y.
2, 47
Let h(d) = 74*d + 37446. What are the prime factors of h(0)?
2, 3, 79
Suppose 5*y = 2*c + 28141, 0 = 2*y + 13*c - 14*c - 11257. What are the prime factors of y?
17, 331
Let r = -18746 + 30534. What are the prime factors of r?
2, 7, 421
Let n(l) = -l + 21. Let v be n(20). What are the prime factors of ((-27)/(-6) - v)*4932/21?
2, 3, 137
Let f(q) = 2*q - 17. Let c be ((-3)/3)/(2/(-20)). Let i be f(c). Suppose 0*m = i*m - 48. List the prime factors of m.
2
Suppose 22*g - 449117 = 451849. What are the prime factors of g?
3, 11, 17, 73
Let r = -8804 - -16282. What are the prime factors of r?
2, 3739
Let c = 1706 - 839. List the prime factors of -2 - -6 - (32 - c).
839
Suppose -4*r = -4*g - 112, -5*r + 9*r = 2*g + 54. List the prime factors of 162/9*g/(-2).
3, 29
Let t(d) = 2*d**2 + 27*d - 88. Let m be t(3). Suppose -4*i + m*i - 2247 = 0. List the prime factors of i.
3, 107
Let n(u) be the second derivative of 0 - 9*u**3 - 3/2*u**2 + 20*u. What are the prime factors of n(-2)?
3, 5, 7
Suppose 15844954 = 223*f + 331*f. What are the prime factors of f?
37, 773
Suppose -2100 = 20*u + 80. Let z = u - -1035. List the prime factors of z.
2, 463
Let j be (-5 - 6)*(-3)/3. Let w = j - -483. Suppose -6*k + 100 = -w. What are the prime factors of k?
3, 11
Suppose 190 = -5*h - 2*p, -5*h - 4*p = 199 - 9. Let m = 222 + h. List the prime factors of m.
2, 23
Let n(d) = d**2 + 9*d + 10. Let o(z) = 3*z - 16. Let y be o(0). Let j be y + 10 - 4*1. List the prime factors of n(j).
2, 5
Let f(v) = 14903*v + 10243. List the prime factors of f(5).
2, 42379
Let d = -121 - -126. Suppose -3*a - d*p - 657 = -1919, 2150 = 5*a - p. List the prime factors of a.
3, 11, 13
Let f = -230 + 230. Suppose f = -m + 942 - 167. What are the prime factors of m?
5, 31
Let j = -810 - -1900. Let y = 1759 - j. List the prime factors of y.
3, 223
Let h = 9289 - 8209. What are the prime factors of h?
2, 3, 5
Let v(f) = 24*f**2 + 28*f + 55. What are the prime factors of v(-9)?
1747
Let p(y) = -7 + 7*y**3 - 30*y**3 - 18*y**3 + 7*y - 2*y - 5*y**3. What are the prime factors of p(-3)?
2, 5, 61
List the prime factors of 6 - ((-13)/13 + 8040/(-1)).
13, 619
Let d = 19388 - -136. What are the prime factors of d?
2, 3, 1627
Suppose 0 = -5*u + f + 34, 4*f + 31 = 5*u - 15. Let d be u/14 - 2919/(-49). What are the prime factors of (-2)/(-10) + 6888/d?
5, 23
Let v be (4/((-16)/3))/((-18)/96). Suppose v*y + 0 = 340. List the prime factors of y.
5, 17
Suppose -15480 = 5*r - 50210. List the prime factors of r.
2, 23, 151
Let x be 38/(-285) + 244/30. Suppose -2*q + 1053 = 3*s + x, 1730 = 5*s + q. What are the prime factors of s?
3, 5, 23
Suppose f = -p, 20*p + 35 = 24*p - 3*f. Suppose -p*w - 4*s + 185 + 44 = 0, -5 = -5*s. List the prime factors of w.
3, 5
Suppose -l + 3 = 0, -5*v + 2*v + 43824 = 3*l. List the prime factors of v.
5, 23, 127
Let g = 248283 - 167398. What are the prime factors of g?
5, 7, 2311
Let d be (6/10)/(7 - (-170)/(-25)). Suppose -4*m = d*h + 243 - 861, -3*h = -2*m + 318. What are the prime factors of m?
2, 3, 13
Let z = 277 + -11. Let f = z + -109. Let x = -94 + f. What are the prime factors of x?
3, 7
Suppose -v + f + 3 = 4*v, -2*f = v - 5. Suppose 4*l - 5*p + 5 = -4, 2*l + p + v = 0. What are the prime factors of 4 + (l - (-23)/1)?
2, 13
Let n = -248 - -3020. Suppose -27*a = -13*a - n. List the prime factors of a.
2, 3, 11
Suppose -7*b + 3*b + 4 = 0, 8906 = 5*h + b. Let v = h - 434. List the prime factors of v.
3, 449
List the prime factors of -8*(36/(-18) + 1659/(-4)).
2, 1667
Let h = -11986 + 26295. What are the prime factors of h?
41, 349
Suppose -48733 = -5*p + 4*k, 17*p = 13*p + 4*k + 38988. List the prime factors of p.
5, 1949
Suppose 56*x + 6587 = 96747. List the prime factors of x.
2, 5, 7, 23
Let q be (-2 - -1)*(-42)/(-8)*-4. Suppose 8*t = q*t - 9308. List the prime factors of t.
2, 179
Let y(i) = -65*i - 2. Let v = 135 - 131. Suppose 4*r + 10 = -2*x, 0*r + v*r + 12 = -4*x. List the prime factors of y(x).
3, 7
L